{"id":4800,"date":"2021-10-29T14:54:51","date_gmt":"2021-10-29T13:54:51","guid":{"rendered":"https:\/\/cat-int.org\/index.php\/membership-join\/"},"modified":"2023-10-03T14:26:28","modified_gmt":"2023-10-03T13:26:28","slug":"membership-join","status":"publish","type":"page","link":"https:\/\/www.cat-int.org\/index.php\/membership-join\/","title":{"rendered":"Devenir Membre"},"content":{"rendered":"<p>[vc_row css=&nbsp;&raquo;.vc_custom_1631521223294{border-bottom-width: 0px !important;}&nbsp;&raquo;][vc_column css=&nbsp;&raquo;.vc_custom_1653251112734{margin-bottom: 0px !important;}&nbsp;&raquo;]<header class=\"thememount-heading-wrapper thememount-heading-wrapper-align-center\"><div class=\"thememount-heading-wrapper-inner\"><h1 class=\"thememount-heading-align-center\"><span>Devenir membre du CAT<\/span><\/h1><\/div><p class=\"thememount-subheading\">Fond\u00e9 en 2014, le Centre d\u2019Analyse du Terrorisme (CAT) est un centre de recherche dont l\u2019objectif est de devenir le think tank europ\u00e9en de r\u00e9f\u00e9rence dans le domaine de l\u2019analyse du terrorisme. Le CAT est reconnu comme organisme d\u2019int\u00e9r\u00eat g\u00e9n\u00e9ral et s\u2019adresse aux pouvoirs publics et aux institutions europ\u00e9ennes ainsi qu\u2019\u00e0 tous ceux qui s\u2019int\u00e9ressent aux questions et enjeux relatifs au terrorisme.<\/p>\n<p>Les membre du CAT ont acc\u00e8s \u00e0 de nombreuses ressources exclusives, parmi lesquelles la biblioth\u00e8que num\u00e9rique, et soutiennent les travaux de recherche du centre.<\/p><\/header><header class=\"thememount-heading-wrapper thememount-heading-wrapper-align-center\"><div class=\"thememount-heading-wrapper-inner\"><h2 class=\"thememount-heading-align-center\"><span>Nos offres<\/span><\/h2><\/div><\/header>[vc_row_inner equal_height=&nbsp;&raquo;yes&nbsp;&raquo; content_placement=&nbsp;&raquo;top&nbsp;&raquo; gap=&nbsp;&raquo;25&Prime; css=&nbsp;&raquo;.vc_custom_1635334429231{margin-top: 0px !important;}&nbsp;&raquo;][vc_column_inner width=&nbsp;&raquo;1\/3&Prime; css=&nbsp;&raquo;.vc_custom_1635334443665{margin-top: 0px !important;margin-right: 15px !important;margin-bottom: 30px !important;margin-left: 15px !important;border-top-width: 1px !important;border-right-width: 1px !important;border-bottom-width: 1px !important;border-left-width: 1px !important;padding-top: 30px !important;padding-right: 25px !important;padding-bottom: 30px !important;padding-left: 25px !important;border-left-color: #21cdec !important;border-left-style: solid !important;border-right-color: #21cdec !important;border-right-style: solid !important;border-top-color: #21cdec !important;border-top-style: solid !important;border-bottom-color: #21cdec !important;border-bottom-style: solid !important;border-radius: 5px !important;}&nbsp;&raquo;][vc_column_text]<\/p>\n<h5 style=\"text-align: center;\">Etudiants &amp; demandeurs d&#8217;emploi*<\/h5>\n<p>[\/vc_column_text][vc_column_text]<\/p>\n<h1 style=\"text-align: center;\">150\u20ac\/an<\/h1>\n<p>[\/vc_column_text][vc_separator][vc_column_text]<\/p>\n<ul>\n<li>Acc\u00e8s aux d\u00e9bats et s\u00e9minaires priv\u00e9s<\/li>\n<li>Acc\u00e8s \u00e0 des contributions exclusives<\/li>\n<li>Acc\u00e8s \u00e0 des vid\u00e9os\/entretiens priv\u00e9s<\/li>\n<li>Acc\u00e8s gratuit aux formations propos\u00e9es par le CAT<\/li>\n<li>Acc\u00e8s \u00e0 la biblioth\u00e8que num\u00e9rique<\/li>\n<\/ul>\n<p>[\/vc_column_text][\/vc_column_inner][vc_column_inner width=&nbsp;&raquo;1\/3&Prime; css=&nbsp;&raquo;.vc_custom_1635334456129{margin-top: 0px !important;margin-right: 15px !important;margin-bottom: 30px !important;margin-left: 15px !important;border-top-width: 1px !important;border-right-width: 1px !important;border-bottom-width: 1px !important;border-left-width: 1px !important;padding-top: 30px !important;padding-right: 25px !important;padding-bottom: 30px !important;padding-left: 25px !important;border-left-color: #21cdec !important;border-left-style: solid !important;border-right-color: #21cdec !important;border-right-style: solid !important;border-top-color: #21cdec !important;border-top-style: solid !important;border-bottom-color: #21cdec !important;border-bottom-style: solid !important;border-radius: 5px !important;}&nbsp;&raquo;][vc_column_text]<\/p>\n<h5 style=\"text-align: center;\">Professionnels<\/h5>\n<p>[\/vc_column_text][vc_column_text]<\/p>\n<h1 style=\"text-align: center;\">400\u20ac\/an<\/h1>\n<p>[\/vc_column_text][vc_separator][vc_column_text]<\/p>\n<ul>\n<li>Acc\u00e8s aux d\u00e9bats et s\u00e9minaires priv\u00e9s<\/li>\n<li>Acc\u00e8s \u00e0 des contributions exclusives<\/li>\n<li>Acc\u00e8s \u00e0 des vid\u00e9os\/entretiens priv\u00e9s<\/li>\n<li>Acc\u00e8s gratuit aux formations propos\u00e9es par le CAT<\/li>\n<li>Acc\u00e8s \u00e0 la biblioth\u00e8que num\u00e9rique<\/li>\n<li>Possibilit\u00e9 de solliciter le CAT pour r\u00e9aliser des conf\u00e9rences, formations, rapports sur des sujets en lien avec l&rsquo;objet social de l&rsquo;association<\/li>\n<\/ul>\n<p>[\/vc_column_text][\/vc_column_inner][vc_column_inner width=&nbsp;&raquo;1\/3&Prime; css=&nbsp;&raquo;.vc_custom_1635334464814{margin-top: 0px !important;margin-right: 15px !important;margin-bottom: 30px !important;margin-left: 15px !important;border-top-width: 1px !important;border-right-width: 1px !important;border-bottom-width: 1px !important;border-left-width: 1px !important;padding-top: 30px !important;padding-right: 25px !important;padding-bottom: 30px !important;padding-left: 25px !important;border-left-color: #21cdec !important;border-left-style: solid !important;border-right-color: #21cdec !important;border-right-style: solid !important;border-top-color: #21cdec !important;border-top-style: solid !important;border-bottom-color: #21cdec !important;border-bottom-style: solid !important;border-radius: 5px !important;}&nbsp;&raquo;][vc_column_text]<\/p>\n<h5 style=\"text-align: center;\">Personnes morales<\/h5>\n<p>[\/vc_column_text][vc_column_text]<\/p>\n<h1 style=\"text-align: center;\">1 000\u20ac\/an<\/h1>\n<p>[\/vc_column_text][vc_separator][vc_column_text]<\/p>\n<ul>\n<li>Acc\u00e8s aux d\u00e9bats et s\u00e9minaires priv\u00e9s<\/li>\n<li>Acc\u00e8s \u00e0 des contributions exclusives<\/li>\n<li>Acc\u00e8s \u00e0 des vid\u00e9os\/entretiens priv\u00e9s<\/li>\n<li>Acc\u00e8s gratuit aux formations propos\u00e9es par le CAT<\/li>\n<li>Acc\u00e8s \u00e0 la biblioth\u00e8que num\u00e9rique<\/li>\n<li>Possibilit\u00e9 de solliciter le CAT pour r\u00e9aliser des conf\u00e9rences, formations, rapports sur des sujets en lien avec l&rsquo;objet social de l&rsquo;association<\/li>\n<\/ul>\n<p>[\/vc_column_text][\/vc_column_inner][\/vc_row_inner][vc_row_inner][vc_column_inner css=&nbsp;&raquo;.vc_custom_1653250817673{border-radius: 5px !important;}&nbsp;&raquo;][vc_cta h2=&nbsp;&raquo;&nbsp;&raquo; txt_align=&nbsp;&raquo;center&nbsp;&raquo; add_button=&nbsp;&raquo;bottom&nbsp;&raquo; btn_title=&nbsp;&raquo;Formulaire d&rsquo;inscription&nbsp;&raquo; btn_style=&nbsp;&raquo;flat&nbsp;&raquo; btn_color=&nbsp;&raquo;skincolor&nbsp;&raquo; btn_size=&nbsp;&raquo;lg&nbsp;&raquo; btn_align=&nbsp;&raquo;center&nbsp;&raquo; btn_link=&nbsp;&raquo;url:https%3A%2F%2Fwww.cat-int.org%2Findex.php%2Fmembership-join%2Fmembership-registration%2F|||&nbsp;&raquo;]<\/p>\n<h6><strong>Inscription <\/strong>&gt; Paiement &gt; Validation par le Bureau du CAT &gt; Acc\u00e8s au statut de membre<\/h6>\n<p>[\/vc_cta][\/vc_column_inner][\/vc_row_inner][\/vc_column][\/vc_row][vc_row css=&nbsp;&raquo;.vc_custom_1653251192690{margin-top: 0px !important;margin-bottom: 0px !important;border-top-width: 0px !important;border-bottom-width: 0px !important;padding-top: 0px !important;padding-bottom: 0px !important;}&nbsp;&raquo;][vc_column][vc_separator color=&nbsp;&raquo;blue&nbsp;&raquo;][\/vc_column][\/vc_row][vc_row css=&nbsp;&raquo;.vc_custom_1653250231723{margin-top: 0px !important;}&nbsp;&raquo;][vc_column width=&nbsp;&raquo;1\/6&Prime;][\/vc_column][vc_column width=&nbsp;&raquo;2\/3&Prime; css=&nbsp;&raquo;.vc_custom_1653251088997{margin-top: 0px !important;}&nbsp;&raquo;]<header class=\"thememount-heading-wrapper thememount-heading-wrapper-align-center\"><div class=\"thememount-heading-wrapper-inner\"><h2 class=\"thememount-heading-align-center\"><span>Nos formations<\/span><\/h2><\/div><\/header>[vc_single_image image=&nbsp;&raquo;9496&Prime; img_size=&nbsp;&raquo;large&nbsp;&raquo; alignment=&nbsp;&raquo;center&nbsp;&raquo;][vc_column_text]<\/p>\n<h6>Le Centre d\u2019Analyse du Terrorisme organise des formations \u00e0 destination des personnes souhaitant acqu\u00e9rir de solides connaissances sur les enjeux actuels du terrorisme et de la lutte anti-terroriste.<\/h6>\n<h6>Ces formations sont ouvertes \u00e0 tout public et gratuites pour les membres du CAT. Pour plus d&rsquo;informations, merci de vous rendre sur la page d\u00e9di\u00e9e dont le lien est disponible ci dessous.<\/h6>\n<p>[\/vc_column_text][vc_cta h2=&nbsp;&raquo;&nbsp;&raquo; txt_align=&nbsp;&raquo;center&nbsp;&raquo; add_button=&nbsp;&raquo;bottom&nbsp;&raquo; btn_title=&nbsp;&raquo;Les formations du CAT&nbsp;&raquo; btn_style=&nbsp;&raquo;flat&nbsp;&raquo; btn_color=&nbsp;&raquo;skincolor&nbsp;&raquo; btn_size=&nbsp;&raquo;lg&nbsp;&raquo; btn_align=&nbsp;&raquo;center&nbsp;&raquo; btn_link=&nbsp;&raquo;url:https%3A%2F%2Fwww.cat-int.org%2Findex.php%2Fnos-formations%2F|||&nbsp;&raquo;][\/vc_cta][\/vc_column][vc_column width=&nbsp;&raquo;1\/6&Prime;][\/vc_column][\/vc_row]<\/p>\n","protected":false},"excerpt":{"rendered":"<p>[vc_row css=&nbsp;&raquo;.vc_custom_1631521223294{border-bottom-width: 0px !important;}&nbsp;&raquo;][vc_column css=&nbsp;&raquo;.vc_custom_1653251112734{margin-bottom: 0px !important;}&nbsp;&raquo;][vc_row_inner equal_height=&nbsp;&raquo;yes&nbsp;&raquo; content_placement=&nbsp;&raquo;top&nbsp;&raquo; gap=&nbsp;&raquo;25&Prime; css=&nbsp;&raquo;.vc_custom_1635334429231{margin-top: 0px !important;}&nbsp;&raquo;][vc_column_inner width=&nbsp;&raquo;1\/3&Prime; css=&nbsp;&raquo;.vc_custom_1635334443665{margin-top: 0px !important;margin-right: 15px !important;margin-bottom: 30px !important;margin-left: 15px !important;border-top-width: 1px !important;border-right-width: 1px !important;border-bottom-width: 1px !important;border-left-width: 1px !important;padding-top: 30px !important;padding-right: 25px !important;padding-bottom: 30px !important;padding-left: 25px !important;border-left-color: #21cdec !important;border-left-style: solid !important;border-right-color: #21cdec !important;border-right-style: solid !important;border-top-color: #21cdec !important;border-top-style: solid !important;border-bottom-color: #21cdec !important;border-bottom-style: solid !important;border-radius: [&hellip;]<\/p>\n","protected":false},"author":1,"featured_media":0,"parent":0,"menu_order":0,"comment_status":"closed","ping_status":"closed","template":"","meta":[],"_links":{"self":[{"href":"https:\/\/www.cat-int.org\/index.php\/wp-json\/wp\/v2\/pages\/4800"}],"collection":[{"href":"https:\/\/www.cat-int.org\/index.php\/wp-json\/wp\/v2\/pages"}],"about":[{"href":"https:\/\/www.cat-int.org\/index.php\/wp-json\/wp\/v2\/types\/page"}],"author":[{"embeddable":true,"href":"https:\/\/www.cat-int.org\/index.php\/wp-json\/wp\/v2\/users\/1"}],"replies":[{"embeddable":true,"href":"https:\/\/www.cat-int.org\/index.php\/wp-json\/wp\/v2\/comments?post=4800"}],"version-history":[{"count":8,"href":"https:\/\/www.cat-int.org\/index.php\/wp-json\/wp\/v2\/pages\/4800\/revisions"}],"predecessor-version":[{"id":9504,"href":"https:\/\/www.cat-int.org\/index.php\/wp-json\/wp\/v2\/pages\/4800\/revisions\/9504"}],"wp:attachment":[{"href":"https:\/\/www.cat-int.org\/index.php\/wp-json\/wp\/v2\/media?parent=4800"}],"curies":[{"name":"wp","href":"https:\/\/api.w.org\/{rel}","templated":true}]}}